{"id":754,"date":"2016-06-16T09:03:38","date_gmt":"2016-06-16T08:03:38","guid":{"rendered":"http:\/\/karoptima.com\/?page_id=754"},"modified":"2024-01-09T17:24:44","modified_gmt":"2024-01-09T16:24:44","slug":"mentions-legales","status":"publish","type":"page","link":"https:\/\/karoptima.com\/index.php\/presentation\/mentions-legales\/","title":{"rendered":"Mentions l\u00e9gales"},"content":{"rendered":"\t\t<div data-elementor-type=\"wp-page\" data-elementor-id=\"754\" class=\"elementor elementor-754\">\n\t\t\t\t\t\t<section class=\"elementor-section elementor-top-section elementor-element elementor-element-3a0bf8f9 elementor-section-boxed elementor-section-height-default elementor-section-height-default\" data-id=\"3a0bf8f9\" data-element_type=\"section\">\n\t\t\t\t\t\t<div class=\"elementor-container elementor-column-gap-default\">\n\t\t\t\t\t<div class=\"elementor-column elementor-col-100 elementor-top-column elementor-element elementor-element-79c8731f\" data-id=\"79c8731f\" data-element_type=\"column\">\n\t\t\t<div class=\"elementor-widget-wrap elementor-element-populated\">\n\t\t\t\t\t\t<div class=\"elementor-element elementor-element-51d1dd17 elementor-widget elementor-widget-text-editor\" data-id=\"51d1dd17\" data-element_type=\"widget\" data-widget_type=\"text-editor.default\">\n\t\t\t\t<div class=\"elementor-widget-container\">\n\t\t\t<style>\/*! elementor - v3.20.0 - 26-03-2024 *\/\n.elementor-widget-text-editor.elementor-drop-cap-view-stacked .elementor-drop-cap{background-color:#69727d;color:#fff}.elementor-widget-text-editor.elementor-drop-cap-view-framed .elementor-drop-cap{color:#69727d;border:3px solid;background-color:transparent}.elementor-widget-text-editor:not(.elementor-drop-cap-view-default) .elementor-drop-cap{margin-top:8px}.elementor-widget-text-editor:not(.elementor-drop-cap-view-default) .elementor-drop-cap-letter{width:1em;height:1em}.elementor-widget-text-editor .elementor-drop-cap{float:left;text-align:center;line-height:1;font-size:50px}.elementor-widget-text-editor .elementor-drop-cap-letter{display:inline-block}<\/style>\t\t\t\t<h4><span style=\"color: #333333;\">Caroline WALRAVE &#8211; Responsable de publication<\/span> :<br>77 rue Larevelli\u00e8re &#8211; 49100 Angers<br><span style=\"color: #333333;\"><\/span><\/h4>\n<h4><span style=\"color: #333333;\">t\u00e9l\u00e9phone : 33 (0)6 83 08 64 71<\/span><br><span style=\"color: #333333;\"> email :&nbsp; karoptima49@yahoo.com<\/span><\/h4>\n<h4><span style=\"color: #333333;\">N\u00b0 SIRET : 818 933 426 00012<\/span><\/h4>\n<h4><span style=\"color: #333333;\">TVA non applicable : art. 293B du CGI.<\/span><\/h4>\n<h4><span style=\"color: #333333;\">H\u00e9bergeur :<br>OVH&nbsp;&nbsp;<\/span><br><span style=\"color: #333333;\"> 2 rue Kellermann &#8211; 59100 Roubaix &#8211; France.<\/span><br><span style=\"color: #333333;\"> t\u00e9l\u00e9phone : 33 (0) 9 72 10 10 07<\/span><br><span style=\"color: #333333;\"> https:\/\/www.ovh.com\/fr\/<\/span><\/h4>\n<p>\u00e8\u00e8 <br><\/p>\t\t\t\t\t\t<\/div>\n\t\t\t\t<\/div>\n\t\t\t\t\t<\/div>\n\t\t<\/div>\n\t\t\t\t\t<\/div>\n\t\t<\/section>\n\t\t\t\t<\/div>\n\t\t","protected":false},"excerpt":{"rendered":"<p>Caroline WALRAVE &#8211; Responsable de publication :77 rue Larevelli\u00e8re &#8211; 49100 Angers t\u00e9l\u00e9phone : 33 (0)6 83 08 64 71 email :&nbsp; karoptima49@yahoo.com N\u00b0 SIRET : 818 933 426 00012 TVA non applicable : art. 293B du CGI. H\u00e9bergeur :OVH&nbsp;&nbsp; 2 rue Kellermann &#8211; 59100 Roubaix &#8211; France. t\u00e9l\u00e9phone : 33 (0) 9 72 10 [&hellip;]<\/p>\n","protected":false},"author":1,"featured_media":0,"parent":2,"menu_order":0,"comment_status":"closed","ping_status":"closed","template":"","meta":{"footnotes":""},"aioseo_notices":[],"_links":{"self":[{"href":"https:\/\/karoptima.com\/index.php\/wp-json\/wp\/v2\/pages\/754"}],"collection":[{"href":"https:\/\/karoptima.com\/index.php\/wp-json\/wp\/v2\/pages"}],"about":[{"href":"https:\/\/karoptima.com\/index.php\/wp-json\/wp\/v2\/types\/page"}],"author":[{"embeddable":true,"href":"https:\/\/karoptima.com\/index.php\/wp-json\/wp\/v2\/users\/1"}],"replies":[{"embeddable":true,"href":"https:\/\/karoptima.com\/index.php\/wp-json\/wp\/v2\/comments?post=754"}],"version-history":[{"count":9,"href":"https:\/\/karoptima.com\/index.php\/wp-json\/wp\/v2\/pages\/754\/revisions"}],"predecessor-version":[{"id":5582,"href":"https:\/\/karoptima.com\/index.php\/wp-json\/wp\/v2\/pages\/754\/revisions\/5582"}],"up":[{"embeddable":true,"href":"https:\/\/karoptima.com\/index.php\/wp-json\/wp\/v2\/pages\/2"}],"wp:attachment":[{"href":"https:\/\/karoptima.com\/index.php\/wp-json\/wp\/v2\/media?parent=754"}],"curies":[{"name":"wp","href":"https:\/\/api.w.org\/{rel}","templated":true}]}}